l - 10. Calculate c(9).
-37
Let r(y) = 4*y**2 + 13*y - 2. Determine r(-4).
10
Let o(l) = l**3 - 7*l**2 + 4*l + 6. Give o(6).
-6
Let m(c) = c**3 - 6*c**2 + 4*c + 8. Calculate m(4).
-8
Let g(r) = r - 9. What is g(-4)?
-13
Let m(f) = f**3 + f**2 - 2*f - 13. Calculate m(-4).
-53
Let a(t) = -2*t**2 + 2*t + 45. Determine a(5).
5
Let b(j) = -j**3 - 12*j**2 + 23*j - 76. What is b(-14)?
-6
Let p(q) = -q**3 - 7*q**2 - 6*q - 11. Calculate p(-6).
-11
Let u(z) = z**2 - 28*z + 132. What is u(21)?
-15
Let b(h) = -2*h**3 + h**2 + 3*h - 5. Calculate b(2).
-11
Let d(t) = 5*t**2 - 1. Calculate d(2).
19
Let g(r) = 100*r + 785. Calculate g(-8).
-15
Let z(m) = -m**3 + 13*m**2 - 8*m + 74. Give z(13).
-30
Let m(l) = -l**3 - 4*l**2 + 6*l + 7. Calculate m(-5).
2
Let g(n) = -n**2 + 15*n - 92. Give g(6).
-38
Let b(o) = o**2 - 10*o - 13. Determine b(10).
-13
Let r(z) = -z**3 - 10*z**2 + 7*z + 2. Determine r(-10).
-68
Let i(a) = -a**3 + 6*a**2 - 3*a + 4. Determine i(4).
24
Let x(f) = -f**2 - 3*f - 1. Calculate x(-7).
-29
Let n(c) = -6*c**2 - 47*c + 4. Determine n(-8).
-4
Let f(u) = -3*u**3 - 3*u + 2. Give f(1).
-4
Let a(l) = -l**2 - 7*l - 6. Give a(-4).
6
Let s(o) = -2*o**3 + 2*o**2 + 5*o - 3. What is s(3)?
-24
Let j(k) = k**3 - 16*k**2 - 2*k + 5. Give j(16).
-27
Let q(l) = 81*l**3 + l**2 - 4*l + 3. Determine q(1).
81
Let n(a) = -a - 3. Calculate n(-6).
3
Let m(t) = -13*t + 8. Determine m(3).
-31
Let c(q) = 2*q + 26. Calculate c(-11).
4
Let d(y) = -11*y + 22. Give d(2).
0
Let b(k) = -k**3 - 15*k**2 + 156*k - 6. What is b(7)?
8
Let q(n) = -n**2 + 13*n + 8. Determine q(12).
20
Let u(f) = -f**3 - 6*f**2 + 6*f + 16. Calculate u(-6).
-20
Let f(z) = -z**3 - z**2 + z + 34. Give f(0).
34
Let z(n) = -n**3 - 24*n**2 - 24*n - 12. Give z(-23).
11
Let m(k) = 3*k - 53. Give m(17).
-2
Let i(c) = -c**3 + 7*c**2 - c - 12. What is i(7)?
-19
Let u(y) = -2*y + 25. Give u(0).
25
Let a(g) = -3*g**2 + 2*g - 16. Give a(0).
-16
Let q(a) = -45*a + 182. Give q(4).
2
Let a(y) = 18*y + 18. Calculate a(-6).
-90
Let x(w) = -w**3 - 15*w**2 - 15*w - 18. Give x(-14).
-4
Let a(u) = -u**3 + 13*u**2 + 13*u - 165. Calculate a(13).
4
Let s(w) = 13*w - 1. Calculate s(9).
116
Let f(v) = -v + 3. Determine f(-2).
5
Let g(d) = -d**2 + 5*d - 2. Give g(3).
4
Let n(x) = -14*x + 7. Calculate n(4).
-49
Let z(r) = r**2 + 18*r + 91. What is z(-15)?
46
Let m(g) = -21*g**2 - 5*g + 5. Give m(2).
-89
Let h(p) = p**3 - 15*p**2 - 14*p + 8. Give h(16).
40
Let z(r) = r**2 - 11*r + 10. What is z(8)?
-14
Let t(y) = y**2 + 4*y - 20. Calculate t(-5).
-15
Let m(b) = -b**3 - 10*b**2 - 2*b - 8. What is m(-10)?
12
Let i(l) = -l - 13. Determine i(-4).
-9
Let i(w) = -73*w - 5. Give i(0).
-5
Let p(l) = 44*l - 2. Determine p(2).
86
Let l(b) = b**2 - 23*b + 5. Calculate l(24).
29
Let z(c) = -c**2 + 6*c + 1. Determine z(5).
6
Let l(g) = -g**3 + 26*g**2 + 29*g - 63. Give l(27).
-9
Let p(k) = -k**3 + 10*k**2 - 4*k + 11. What is p(9)?
56
Let b(m) = 19*m**2 - 2. Give b(2).
74
Let a(k) = 7*k + 47. Determine a(-5).
12
Let z(b) = -27*b**2 - 1. Determine z(1).
-28
Let u(i) = -i**2 + 35*i + 24. Determine u(35).
24
Let n(f) = -2*f**2 + 4*f + 8. What is n(4)?
-8
Let z(a) = a**3 + 9*a**2 + 8*a + 3. Give z(-6).
63
Let i(k) = -2*k - 4. Calculate i(-6).
8
Let m(j) = -j**2 + 14*j - 11. Calculate m(13).
2
Let v(d) = d**3 + 6*d**2 + 20*d + 52. What is v(-4)?
4
Let r(v) = -v - 4. What is r(7)?
-11
Let y(h) = 13*h + 8. Determine y(-6).
-70
Let u(x) = 15*x - 138. What is u(9)?
-3
Let c(p) = -p**3 - 6*p**2 + 4*p + 6. What is c(-6)?
-18
Let a(p) = p**2 - 7*p + 4. Calculate a(6).
-2
Let l(m) = 2*m**3 - 28*m**2 + 27*m - 6. What is l(13)?
7
Let h(i) = 28*i + 2. Determine h(-1).
-26
Let j(h) = h**3 + 5*h**2 - 14*h + 3. Give j(-7).
3
Let w(o) = 2*o**2 + 3*o - 13. Give w(10).
217
Let v(y) = -5*y + 62. Give v(8).
22
Let v(a) = -4*a - 13. What is v(-8)?
19
Let w(l) = -l**3 + 5*l**2 + l + 1. Calculate w(5).
6
Let i(m) = -m - 5. Give i(-6).
1
Let s(x) = 18*x**3 + 3*x**2 - 3*x + 1. Give s(1).
19
Let d(o) = 17*o**3 + o**2. Calculate d(1).
18
Let u(r) = -r**3 + 2*r**2 + 5. Give u(4).
-27
Let n(o) = -o**3 + 13*o**2 + 8*o. Calculate n(13).
104
Let l(y) = 3*y**2 - 3*y + 9. Determine l(3).
27
Let z(h) = h**3 + 8*h**2 - h - 2. Calculate z(-8).
6
Let h(r) = 2*r**3 - 31*r**2 - 15*r - 13. What is h(16)?
3
Let q(a) = -a**3 + 10*a**2 - 26*a + 3. Give q(6).
-9
Let q(p) = -p - 13. What is q(-5)?
-8
Let t(y) = y**2 - 6*y - 8. Determine t(8).
8
Let d(p) = -p**2 + 7*p - 5. Determine d(7).
-5
Let a(z) = 2*z**2 + 22*z + 36. Give a(-9).
0
Let o(l) = 3*l + 5. What is o(-3)?
-4
Let k(b) = 2*b**2 + 2*b. Determine k(3).
24
Let y(x) = 3*x - 4. What is y(7)?
17
Let h(t) = 2*t - 4. Determine h(5).
6
Let i(r) = -2*r**2 - r + 5. What is i(0)?
5
Let v(p) = -p**3 - 4*p**2 - p + 9. Calculate v(-4).
13
Let o(n) = 2*n**2 - 8*n + 3. Calculate o(3).
-3
Let f(r) = -2*r**3 + 28*r**2 + 2*r + 12. Determine f(14).
40
Let u(k) = -2*k + 1. Give u(-4).
9
Let p(n) = -n**3 + 3*n**2 + 7*n - 8. Give p(4).
4
Let w(g) = g**2 - 31*g + 228. Determine w(19).
0
Let n(q) = -7*q - 59. Calculate n(-6).
-17
Let l(x) = x**3 + 8*x**2 + 13*x - 4. What is l(-5)?
6
Let h(z) = z**3 - 5*z**2 - 9*z + 9. What is h(7)?
44
Let d(m) = m**2 + 3*m - 14. Give d(0).
-14
Let p(q) = q - 8. Give p(-7).
-15
Let i(x) = x**3 - 13*x**2 - 15*x + 7. What is i(14)?
-7
Let l(c) = -2*c**3 - 24*c**2 - c - 8. Calculate l(-12).
4
Let n(w) = -w**3 - 19*w**2 - 17*w + 13. What is n(-18)?
-5
Let o(w) = 14*w**2 - 1. Determine o(1).
13
Let s(v) = 2*v - 2. What is s(-4)?
-10
Let u(q) = 7*q**2 + 3*q - 1. Calculate u(3).
71
Let d(s) = -s**3 + 47*s**2 - 4*s + 187. Calculate d(47).
-1
Let o(f) = -f**3 + f**2 - 2*f + 1. What is o(0)?
1
Let u(s) = 20*s - 1668. Give u(83).
-8
Let j(v) = 2*v**2 - 24*v + 61. Give j(9).
7
Let i(t) = -t**2 - 9*t + 6. Calculate i(-6).
24
Let y(x) = -x**3 + 19*x**2 - x + 66. Calculate y(19).
47
Let h(u) = -15*u**3. Calculate h(-1).
15
Let n(m) = m**3 - 9*m**2 + 19*m - 12. What is n(7)?
23
Let f(d) = -d**3 + 26*d**2 - 24*d - 24. Give f(25).
1
Let p(x) = -8*x - 4. Calculate p(-2).
12
Let r(b) = -b**2 + 2*b - 6. Give r(8).
-54
Let i(r) = 8*r**3 - 2*r**2 - 2*r + 2. What is i(-1)?
-6
Let a(n) = -n**2 - 2*n - 7. Calculate a(8).
-87
Let f(d) = 2*d - 11. Determine f(9).
7
Let j(r) = -r**3 - 11*r**2 + 41*r - 4. Determine j(-14).
10
Let u(x) = -4*x + 31. Give u(0).
31
Let g(h) = 22*h + 148. Determine g(-7).
-6
Let j(z) = z + 5. Determine j(-3).
2
Let k(q) = -13*q + 13. Determine k(1).
0
Let s(t) = -t**3 + 5*t**2 + 6*t - 10. Determine s(6).
-10
Let y(p) = 2*p - 22. What is y(14)?
6
Let g(u) = -3*u + 32. Give g(13).
-7
Let b(p) = -13*p**2 - 3*p. Calculate b(2).
-58
Let x(w) = -2*w**2 - 12*w + 10. Give x(-6).
10
Let f(q) = -q + 19. Determine f(6).
13
Let v(o) = o**2 - 49*o + 411. Determine v(11).
-7
Let u(l) = l**2 + 9*l - 5. Give u(-8).
-13
Let z(h) = 2*h**2 + 16*h - 12. Determine z(-9).
6
Let i(l) = -5*l + 17. Give i(8).
-23
Let o(t) = 4*t**3 - 2*t**2 - 3*t + 2. What is o(2)?
20
Let q(i) = 15*i + 69. Determine q(-4).
9
Let g(k) = k**3 + 16*k**2 + 28*k - 8. What is g(-14)?
-8
Let t(o) = 2*o**2 + 22*o + 24. Determine t(-10).
4
Let w(h) = h**3 + 15*h**2 + 41*h - 22. Give w(-11).
11
Let d(y) = -2*y**2 + 30*y - 87. What is d(11)?
1
Let i(c) = c**2 - 2*c - 4. Calculate i(3).
-1
Let a(f) = -9*f**2 + 54*f + 11. Give a(6).
11
Let z(u) = -3*u**3 - 2*u**2 + 2*u + 1. Determine z(-2).
13
Let g(o) = -o**3 - 30*o**2 + o. Calculate g(-30).
-30
Let w(b) = -3*b**3 + b. Calculate w(-1).
2
Let i(d) = 3*d**2 - 7*d + 1. Give i(5).
41
Let c(x) = -x**3 - 17*x**2 - 5. Give c(-17).
-5
Let i(p) = -4*p**3 + 2*p**2 - 1. Determine i(1).
-3
Let k(r) = 2*r**2 - 22*r + 11. Calculate k(10).
-9
Let v(i) = 18*i + 19. Calculate v(-1).
1
Let b(o) = 42*o**2 - o. Determine b(1).
41
Let i(s) = 2*s**2 - 8*s - 56. Calculate i(-4).
8
Let j(d) = -d**3 + 6*d**2 - 4*d + 8. What is j(6)?
-16
Let p(m) = -m**3 + 5*m**2 + 18*m - 19. Calculate p(7).
9
Let a(r) = 2*r**3 + 2*r**2 - 4*r + 3. What is a(1)?
3
Let c(p) = 23*p + 99. What is c(-5)?
-16
Let r(a) = 19*a - 262. Determine r(14).
4
Let w(s) = -2*s**3 - 5*s**2 - s + 4. Determine w(-4).
56
Let w(c) = -c**2 + 13*c + 3. Determine w(15).
-27
Let j(z) = -z**3 - 12*z**2 - 11*z. Calculate j(-10).
-90
Let i(g) = -g**2 - 4*g - 8. What is i(-3)?
-5
Let r(t) = -t**2